a0
Convert -1012200012100110 (base 3) to base 16.
-108f552
Convert -182453 (base 10) to base 5.
-21314303
12634 (base 15) to base 12
2a01a
-28587 (base 15) to base 3
-20120122101
1125163 (base 7) to base 14
395a3
-1300021022 (base 4) to base 5
-104144323
What is 54bab (base 14) in base 6?
4222431
30883 (base 13) to base 12
4251a
What is -220301 (base 10) in base 15?
-4541b
Convert -6c955 (base 14) to base 6.
-5404023
Convert -124631 (base 8) to base 16.
-a999
-3244ba (base 12) to base 2
-11000010001111001110
Convert -1a8b636 (base 14) to base 9.
-26828716
What is -1400154 (base 6) in base 2?
-10011000000000110
Convert -1011110001011110001011 (base 2) to base 10.
-3086219
Convert -246658 (base 9) to base 14.
-3c571
What is 21211121212 (base 3) in base 4?
211222202
6310015 (base 8) to base 15
2315a2
What is -34320122 (base 5) in base 2?
-1001011000101010001
Convert -1044032 (base 7) to base 6.
-2431332
-170d7 (base 15) to base 5
-4340302
What is -700424 (base 8) in base 13?
-806b7
Convert -153816 (base 10) to base 15.
-30896
Convert 1106831 (base 9) to base 13.
17b0ba
What is -200002111110 (base 3) in base 8?
-1267423
What is -881407 (base 9) in base 4?
-2000121310
12583 (base 14) to base 9
67648
Convert 2177743 (base 8) to base 11.
373138
What is 339cb2 (base 13) in base 8?
4521604
-201003 (base 8) to base 16
-10203
7362574 (base 8) to base 9
3615571
5866068 (base 9) to base 11
1878249
Convert 1517504 (base 8) to base 15.
888c8
What is 320303230 (base 4) in base 15?
48e24
-31003001 (base 4) to base 11
-37173
611182 (base 10) to base 6
21033314
-2361770 (base 8) to base 3
-1012221010211
1836313 (base 9) to base 2
11111011000000110001
-2301201302 (base 4) to base 13
-1c5c8c
Convert 40a7 (base 11) to base 6.
41105
Convert -2411716 (base 8) to base 13.
-1a17b4
Convert 433652 (base 7) to base 14.
1d899
What is -10332321 (base 6) in base 4?
-1023013321
What is -251428 (base 9) in base 16?
-251ae
Convert -918b9 (base 14) to base 8.
-1254013
-10444440213 (base 5) to base 14
-17b0691
What is 16555313 (base 7) in base 6?
54514005
What is 3317146 (base 8) in base 13?
253323
What is -18442201 (base 9) in base 4?
-203132021332
Convert 2002202022222 (base 3) to base 7.
12331523
What is 231120010 (base 5) in base 11?
6480a2
Convert -32a78 (base 15) to base 2.
-100111010011011100
2301056 (base 8) to base 2
10011000001000101110
Convert 1944385 (base 12) to base 13.
11417a5
-202110110221 (base 4) to base 12
-301a121
What is 29108a (base 12) in base 4?
2213200222
Convert -1414530 (base 6) to base 15.
-18b13
What is -aa9 (base 14) in base 11?
-1648
Convert 313210130 (base 5) to base 10.
1303790
Convert -1311503 (base 6) to base 7.
-415656
What is 14366357 (base 8) in base 9?
6136205
-5151102 (base 7) to base 15
-c2e36
-2123634 (base 8) to base 3
-1001211001021
What is 261359 (base 11) in base 15?
81ec1
What is -1414043 (base 6) in base 14?
-211c7
What is -1201002000 (base 3) in base 13?
-12399
Convert 1713c7 (base 14) to base 13.
224a45
Convert 2012453 (base 9) to base 11.
671955
128377 (base 12) to base 13
a8889
What is -2a6b1 (base 12) in base 14?
-17abb
2120110111102 (base 3) to base 8
5156305
Convert 47307 (base 11) to base 12.
335b7
What is -409dc3 (base 14) in base 7?
-24342633
Convert -163c7 (base 14) to base 2.
-1101100101011011
What is -10011101001110011011 (base 2) in base 12?
-270823
-758de1 (base 15) to base 4
-111112322212
Convert -607118 (base 9) to base 11.
-226104
Convert 7b10 (base 15) to base 7.
136065
Convert -101231011 (base 4) to base 6.
-1315421
-726cac (base 13) to base 11
-156517a
Convert -40897 (base 10) to base 16.
-9fc1
What is -1110100010010000000000 (base 2) in base 6?
-213400144
Convert 770616 (base 9) to base 8.
1601773
What is -623185 (base 9) in base 3?
-200210012212
3645604 (base 8) to base 7
11343240
-1222102 (base 9) to base 3
-1020202010002
Convert 554a6 (base 12) to base 2.
11011100101111110
What is 15c1f (base 16) in base 6?
1524331
What is -4834450 (base 9) in base 8?
-11777304
What is -23133652 (base 7) in base 2?
-111101110011110111011
Convert 3d9184 (base 14) to base 9.
4017561
What is 141020 (base 8) in base 4?
30020100
What is -2221100122011 (base 3) in base 12?
-633b11
-1471ba1 (base 13) to base 11
-3750703
167b0 (base 13) to base 8
124075
205505252 (base 7) to base 11
6985932
What is 108812 (base 10) in base 2?
11010100100001100
1100132123 (base 4) to base 6
11022015
What is 1201103333 (base 4) in base 15?
7d17b
Convert 4216 (base 14) to base 2.
10110001111100
What is 210201 (base 6) in base 5?
1020141
What is 20551636 (base 7) in base 4?
12221232232
What is 10402 (base 12) in base 15?
64ae
-12460416 (base 7) to base 10
-1140684
Convert c59ab1 (base 13) to base 7.
54161115
Convert -86b65 (base 13) to base 14.
-64acc
-226403 (base 8) to base 4
-102310003
Convert 602267 (base 12) to base 14.
2ad6b5
Convert 1380661 (base 9) to base 15.
1009e7
Convert -212111211212010 (base 3) to base 13.
-27867c6
What is -2713302 (base 12) in base 3?
-112120020111002
What is 661679 (base 11) in base 4?
10001320213
What is 12540 (base 15) in base 7?
332505
What is 20501422 (base 6) in base 3?
1010102211212
What is 40321210 (base 5) in base 8?
1167351
Convert -3134340 (base 5) to base 11.
-36470
11c065 (base 13) to base 16
6813d
What is 1b7725 (base 13) in base 11?
43a514
Convert 102a92 (base 11) to base 14.
441d6
Convert 20020212210 (base 3) to base 16.
1e0ea
42521 (base 9) to base 6
334114
-246347 (base 13) to base 3
-1122020012122
Convert 52875 (base 14) to base 15.
3e079
237315 (base 10) to base 11
152331
-caa1d (base 15) to base 10
-643528
What is -1406843 (base 9) in base 5?
-144211243
Convert 4327c4 (base 13) to base 15.
212212
-2b696 (base 15) to base 9
-232766
What is 1fa6f (base 16) in base 3?
20120211202
Convert 6a7676 (base 13) to base 8.
11515102
What is -6015d (base 15) in base 2?
-1001010001110111111
10000110010100100011 (base 2) to base 6
15443043
-173362 (base 8) to base 15
-13ae8
Convert -2077421 (base 8) to base 11.
-350388
-634220 (base 12) to base 2
-101111101011100111000
Convert -100000110111100100101110 (base 2) to base 6.
-504401554
What is 2123123 (base 5) in base 10?
36038
What is -4214 (base 7) in base 9?
-2025
What is 388319 (base 16) in base 2?
1110001000001100011001
What is 1400277 (base 8) in base 14?
a3527
Convert 1d3c7 (base 15) to base 11.
65713
What is 1010121002110 (base 3) in base 14?
11967a
-21201 (base 3) to base 7
-415
-101232 (base 10) to base 6
-2100400
What is -157515 (base 9) in base 11?
-67184
-2603b8 (base 12) to base 8
-2300074
What is f28af (base 16) in base 15?
149555
-36465206 (base 7) to base 10
-3259976
-aa9aee (base 15) to base 7
-126061634
192585 (base 12) to base 16
6b5b5
What is 20212100010 (base 3) in base 12?
66233
What is 1074763 (base 9) in base 4?
2031310230
Convert -6631 (base 16) to base 5.
-1314121
What is 87 (base 14) in base 10?
119
Convert 11211001001210 (base 3) to base 12.
a35293
What is -10002011020212 (base 3) in base 10?
-1636790
Convert -c04c4 (base 13) to base 15.
-6bbe8
-165673 (base 14) to base 15
-107162
-94556 (base 10) to base 9
-153632
What is -3114422220 (base 5) in base 3?
-110001101120120
Convert 1cb207 (base 16) to base 14.
36d4b5
33211211012 (base 4) to base 16
3e5946
What is 42bed (base 15) in base 4?
303233230
What is -4453822 (base 9) in base 10?
-2397620
What is 20011011011 (base 3) in base 2?
11101100100100110
What is -100312200 (base 4) in base 7?
-405144
What is 271b8 (base 14) in base 5?
11041043
-16743610 (base 8) to base 5
-2000331304
What is -30141320 (base 5) in base 4?
-322221102
What is -120001112020 (base 3) in base 4?
-1020112212
What is -141034131 (base 5) in base 12?
-2a9412
What is -456625 (base 12) in base 8?
-4170375
Convert -7a6a (base 11) to base 15.
-321d
-101681 (base 10) to base 6
-2102425
What is 16057743 (base 9) in base 4?
132203212101
8245865 (base 11) to base 16
de2e50
-1768157 (base 9) to base 8
-3615643
Convert -242429 (base 12) to base 10.
-584673
Convert -1303300210 (base 4) to base 14.
-c4b1a
-211112120201 (base 3) to base 13
-126c25
What is -1000101010010010110101 (base 2) in base 12?
-915a71
What is 25900 (base 13) in base 15?
1596d
What is -430326 (base 8) in base 7?
-1135404
-11100011010001010111001 (base 2) to 